- 11. Suppose -4*u - 5*v = 4, v - 5*v - 16 = 0. Suppose -u*b + 5*l = 55, -6*l - 49 = 3*b - 2*l. What is the units digit of h(b)?
4
Let r = 54 + 19. Suppose r = -2*s + 215. Suppose 2*g - 169 + s = 0. What is the tens digit of g?
4
Suppose -4512 = -2*g - 2*d + 682, 2*g - d - 5203 = 0. Suppose -1027 = 13*x - g. What is the tens digit of x?
2
Let n = -1426 + 849. Let h = n - -841. What is the hundreds digit of h?
2
Suppose 4*k - 2*k = k. Let d be (k - 0)*5/(-20)*2. Let r(z) = z**2 + 4*z + 13. What is the tens digit of r(d)?
1
Let w = -63442 - -121267. What is the thousands digit of w?
7
Let a = -4503 - -6873. What is the units digit of a?
0
Suppose 0 = 5*l + 4*z - 772 - 9310, -8078 = -4*l + 3*z. Suppose 11*a = l + 2657. What is the hundreds digit of a?
4
Suppose 54*m + 56974 = 176*m. What is the units digit of m?
7
Suppose 1710*d + 418149 = 1727*d. What is the tens digit of d?
9
Suppose 33*x - 575471 - 1086385 = x. What is the units digit of x?
3
Suppose 2*z + 3*j - 5 = 0, 2*z = 7*z + 3*j - 17. Suppose -n = 2*o - 1009, z*n + 44 = 3*o - 1464. What is the hundreds digit of o?
5
Let a(z) = 413*z**2 - 225*z - 2715. What is the thousands digit of a(-13)?
0
Suppose 727008 = -13*h - 9*h + 38*h. What is the units digit of h?
8
What is the hundreds digit of (-30 - -27)*(470/(-5))/(4/126)?
8
Suppose -1 = 5*t - a, 0 = 4*a + 51 - 35. Let j(q) = 1574*q**2 - 2*q. What is the hundreds digit of j(t)?
5
Let n = 17250 + -6734. What is the tens digit of n?
1
What is the ten thousands digit of 202*((81/(-21) - -3) + 43404/168)?
5
Let d(y) = 11260*y + 1900. What is the thousands digit of d(3)?
5
Let b(j) = 80*j + 20. Let n = 67 - 61. Let r be b(n). What is the tens digit of (16/(-20))/((-2)/r)?
0
Let c be 726/(-9) - (-75)/45. Suppose -84 = 3*n - n. Let q = n - c. What is the units digit of q?
7
Suppose 2*i - 27 = -2*i - 3*v, 0 = 5*i - 5*v + 10. Suppose -900 + 176 = -4*k - i*f, -5*f = 0. What is the hundreds digit of k?
1
Suppose -2725 = -7*w - 485. What is the tens digit of (-1)/4 + 291600/w?
1
Let q(d) be the third derivative of 7/8*d**4 + 1/3*d**3 + 36*d**2 + 0 + 0*d. What is the tens digit of q(1)?
2
Let k be 7 + -5 - (-349 + 3). Suppose -k = -2*r + 478. What is the hundreds digit of r?
4
Suppose 5*k = 4*k. Suppose k*h = 4*h - 12, 0 = 3*c - 4*h + 7716. What is the tens digit of c/(-33) - (-4)/22?
7
Suppose 54608 = 4*c + 4*z, 31*z + 30 = 26*z. What is the hundreds digit of c?
6
Let t(d) = d + d + d**2 + d - 4*d. Let j(x) = -23*x**3 - 2*x**2 + 3*x - 2. Let v(f) = -j(f) - t(f). What is the tens digit of v(1)?
2
Let a(h) = -1771*h - 6653. What is the ten thousands digit of a(-20)?
2
Suppose -546 = 2*z - 5*z. Suppose -3*i = -5*h + 1346, 5*h + 2*i = 466 + 870. Let c = h - z. What is the tens digit of c?
8
Suppose -62 = 13*g - 10. What is the hundreds digit of -3 + ((-298)/4)/(2/g)?
1
Let r be 12/(-2) + -4 + 1313. Suppose -3*h + 1309 = -k, 6*k - 11*k = 3*h - r. What is the units digit of h?
6
Let i(p) = -p**2 + 15*p - 14. Suppose -4*b + 9*b = -35. Let z = 5 - b. What is the units digit of i(z)?
2
Suppose 2*l - 18938 = -5*i + 78207, 0 = 4*i + 2*l - 77718. What is the thousands digit of i?
9
Suppose -6 = 3*j, n - 4*j + 87 = -62. Suppose -3*p + 2*i - 164 = 0, 0 = p - 2*i + 6*i + 78. Let f = p - n. What is the tens digit of f?
9
Suppose -15*l + 190279 = -122201. Suppose -11*r = r - l. What is the thousands digit of r?
1
Let w(d) = d + 37. Let s = 28 - 28. Suppose -v + o - 8 = s, -v + 5*o - 4 + 8 = 0. What is the tens digit of w(v)?
2
Suppose -307*y + 1367138 + 886147 = 385190. What is the thousands digit of y?
6
Let m = 3125 + -2261. What is the hundreds digit of m?
8
Suppose 3*s - 155341 = -5*t, 0 = -2*t + 5*s + 19560 + 42564. What is the tens digit of t?
6
What is the hundreds digit of ((-14)/70)/((-6)/17070)?
5
Let n(f) = 114*f**3 + 4*f**2 - 2*f + 61. What is the units digit of n(4)?
3
Let m = 4445 - 3906. What is the units digit of m?
9
Let k(i) = 7*i + 6 - 2*i - 4 - 4*i. Let t be k(-5). Let c(l) = l**3 + 3*l**2 + 9. What is the units digit of c(t)?
9
Suppose 8*f = 2*f + 13806. What is the tens digit of f*9/(189/14)?
3
Suppose -16*d + 19*d = 21. Suppose 0 = -d*n + 1492 - 190. Suppose 0 = -10*b + 8*b + n. What is the units digit of b?
3
Let o be 2/(-2) - -3 - (5 - -1). What is the tens digit of ((-479)/o)/((-8)/(-32))?
7
Let c(v) = 2*v**2 + 18*v + 63. Suppose 0 = -4*h + 38 - 2. Suppose -7*l = -5*y - h*l - 57, 0 = -3*y + 3*l - 51. What is the units digit of c(y)?
7
Let h(b) = 4*b + 354. Let o be h(0). Let k = o - 76. Suppose 7*i - 660 = k. What is the hundreds digit of i?
1
Let a(m) = -23*m + 2. Let z be ((-4)/(-3))/((-8)/(-72)). Suppose 0 = 4*s + z - 4. What is the tens digit of a(s)?
4
Suppose 3*m = -l - 8, 4*l = -2*m - 3*m - 11. Let g(h) = 26*h + 14. Let w(f) = -f - 1. Let v(z) = -3*g(z) - 30*w(z). What is the hundreds digit of v(m)?
1
Let u(d) = 15*d**3 + 6*d**2 - 5*d + 3. Let g be u(2). Let y = -106 + g. What is the tens digit of y?
3
Let k be 986/12 - (-9)/(-54). Let v = -23 + k. What is the units digit of v?
9
Let z = 33 + -32. Let p = -16 + 15. What is the units digit of -4 + (2 - -124) - (p + z)?
2
Suppose 0 = -3*l - 3*k + 24309, -292*l + 5*k + 24317 = -289*l. What is the hundreds digit of l?
1
Let c = -97 - -109. Let t = c + -155. Let v = -89 - t. What is the tens digit of v?
5
Let p = 27813 - 9349. What is the units digit of p?
4
What is the tens digit of 6 + (1/(-5) - 2552788/(-340))?
1
What is the tens digit of 3948/1 + 126 + -132?
4
Let l(r) be the first derivative of -r**3/3 - 7*r**2/2 + 20*r - 4. Suppose 4*u + 16 = 0, 4*u = g - 6 - 2. What is the units digit of l(g)?
2
Let d = -40 + 88. Let f = 12 + d. What is the tens digit of (-1)/(1 - f/59)?
5
Suppose -126*h + 12656 = -112*h. What is the tens digit of h?
0
Let v(m) = -4*m - 11. Let u be v(3). Let k = 44 + u. Suppose k*b + 80 = 26*b. What is the tens digit of b?
1
Let f(x) = 31*x**2 - x - 51. Let n(m) = 62*m**2 - m - 104. Let v(b) = -5*f(b) + 3*n(b). What is the units digit of v(6)?
1
Let j = 474 + -478. What is the hundreds digit of ((-14)/j)/((-10)/(-2860))?
0
Let m = -19130 - -51480. What is the thousands digit of m?
2
Let g(o) = -o**3 + 19*o**2 - 35*o + 26. Let f be g(17). Let k(z) = 2*z**3 - 12*z**2 + 6*z - 144. What is the tens digit of k(f)?
9
Suppose 114*n + 59584 = 122*n. Suppose -58*k + n = -39*k. What is the hundreds digit of k?
3
Suppose -11 = 5*q - 106. Suppose -n + 2*h = 4*n - q, 5*h = -5*n + 5. Let t(c) = 35*c + 11. What is the units digit of t(n)?
6
Let c(t) be the second derivative of -t**5/20 - 11*t**4/12 + 23*t**3/6 + 67*t**2/2 - 50*t. What is the tens digit of c(-13)?
0
Let p(t) = 6*t**2 - 78*t + 448. What is the tens digit of p(-39)?
1
Let f be -3 + 1 + 1235 - 1/1. Suppose -u = 4*u + 2*r - f, -r = 4*u - 988. What is the tens digit of (1 - (-12)/(-8))/((-4)/u)?
3
Let w = -1193 - -441. What is the units digit of 36/(-48) - (-38)/8 - w?
6
Suppose -57*i = -59*i - 4. Let d be i/8 - 12/(-48). Suppose -228 = -3*h - 2*w, d = 5*h - 5*w + 7*w - 380. What is the units digit of h?
6
Suppose 0 = 9*j - 14*j + 15. Suppose 2*r = 3*g + 2216, -4*r + j*r + 1108 = -5*g. What is the hundreds digit of r?
1
Let j(g) = -2*g**3 + 51*g**2 + 26*g + 8. Let w be j(26). Suppose -557 = w*k - 5021. What is the tens digit of k?
5
Let m = -48 + 55. Suppose -n = m*n - 888. Let i = n - 79. What is the tens digit of i?
3
Let u = -208 + 213. Suppose -77 = 8*j - 11*j - u*n, -118 = -4*j + n. What is the units digit of j?
9
Let n(r) = r**2 - r - 1. Let d be n(1). Let f be 960/2*(d + 2). Suppose 2*x = -2*m + f, 4*x = -2*m + 5*x + 468. What is the units digit of m?
6
Let a(c) = -16*c + 179 + 174 - 355 + 5*c**2. What is the hundreds digit of a(8)?
1
Let w be (-6844)/(-174) + ((-4)/3 - -1). Suppose 262 = 41*f - w*f. What is the hundreds digit of f?
1
Let w = -1773 + 2048. What is the units digit of w?
5
Let k(i) = -302*i + 600. What is the hundreds digit of k(-3)?
5
Let m(i) = 124*i**2 - 97*i - 23. What is the units digit of m(13)?
2
Let v = -365 + 1761. What is the hundreds digit of v*1/5 - 20/(-25)?
2
Let r = -2914 + 11264. What is the hundreds digit of r?
3
Suppose 5*u - 7865 + 1777 = -2*s, 5*s = u + 15220. Suppose -2*m - 2*c + 1526 = 0, -2*c + 4*c - s = -4*m. What is the units digit of m?
9
Let r = 215 - 215. Suppose -2*